(167).
44
Let t(k) = 5*k**2 + 901*k - 2496. What is t(-183)?
66
Let r(x) = -45660*x + 136990. What is r(3)?
10
Let i(c) = c**2 + 125*c - 1469. What is i(-134)?
-263
Let v(p) = 144795*p + 868792. Determine v(-6).
22
Let h(a) = a**2 - 2909*a - 17497. Determine h(-6).
-7
Let r(d) = -4*d**3 + 12*d**2 + 53*d - 218. Calculate r(4).
-70
Let l(c) = 7*c**3 + 63*c**2 + 74*c + 605. Determine l(-9).
-61
Let q(b) = 93*b**2 + 79*b + 160. Determine q(-2).
374
Let h(p) = -4*p**3 + 27*p**2 - 84*p + 100. Calculate h(9).
-1385
Let i(c) = 6*c**3 - 20*c**2 - 132*c + 85. Give i(-7).
-2029
Let g(w) = 4*w**2 - 4505*w + 22428. What is g(5)?
3
Let z(v) = 109*v**2 + 40*v - 4151. Give z(6).
13
Let v(k) = -189*k + 507. Determine v(2).
129
Let g(t) = 3*t**3 - 51*t**2 + 140*t - 1706. Calculate g(15).
-956
Let j(o) = 150*o + 5160. Give j(-34).
60
Let d(a) = -183*a**2 - 8049*a + 242. Calculate d(-44).
110
Let t(z) = z**2 + 122*z + 375. What is t(-3)?
18
Let b(k) = -561196*k - 2806004. Give b(-5).
-24
Let f(v) = 394*v - 19192. Give f(52).
1296
Let w(g) = -g**3 - 18*g**2 - 45*g + 75. Determine w(-15).
75
Let f(n) = 10440*n - 230690. Calculate f(22).
-1010
Let x(v) = 3203*v + 19218. Determine x(-6).
0
Let t(v) = v**3 + 18*v**2 + 513*v + 7238. Give t(-16).
-458
Let a(k) = 26*k**3 - 14*k**2 - 57*k + 68. Give a(1).
23
Let l(a) = -a**3 + 191*a**2 - 4776*a + 953835. Give l(192).
-21
Let n(p) = -86*p**2 + 1592*p - 7239. Determine n(8).
-7
Let k(y) = -479*y + 71052. Give k(150).
-798
Let u(h) = 815*h**2 + 51361*h + 1012. Determine u(-63).
4
Let s(n) = -86*n**2 - 4872*n + 4873. Calculate s(1).
-85
Let r(b) = -45294*b + 1132283. Determine r(25).
-67
Let v(l) = 25*l**3 + 8*l**2 - 110*l - 318. What is v(-3)?
-591
Let c(k) = 9*k**2 - 2996*k + 31754. Give c(11).
-113
Let v(p) = -p**3 + 158*p**2 + 2076*p - 6112. Determine v(170).
8
Let v(b) = 2*b**3 + 327*b**2 + 607*b + 126452. Determine v(-164).
8
Let c(i) = -3401*i + 163890. Calculate c(48).
642
Let c(x) = 24*x**2 + 7445*x - 22343. Give c(3).
208
Let z(t) = -t**2 - 836888*t - 25942566. Give z(-31).
1
Let y(l) = l**3 - 104*l**2 - 2637*l - 626. What is y(125)?
-2126
Let a(g) = 39793*g - 79365. What is a(2)?
221
Let r(c) = c**3 + 6891*c**2 + 27549*c - 12. What is r(-4)?
-16
Let b(q) = -2733*q + 27200. What is b(10)?
-130
Let c(w) = -669*w + 287618. Give c(430).
-52
Let j(r) = -929*r + 1308. Determine j(4).
-2408
Let y(x) = 573*x + 15927. Determine y(-29).
-690
Let h(z) = 30*z - 1096. Give h(40).
104
Let s(y) = y**3 + 42*y**2 - 1293*y - 54965. Determine s(-40).
-45
Let q(y) = 8*y**3 - 3097*y**2 + 3464*y + 3862. Determine q(386).
2
Let k(c) = 683*c + 5242. Determine k(-8).
-222
Let v(f) = f**2 + 977833*f - 4889198. What is v(5)?
-8
Let o(s) = 9*s**3 + 142*s**2 - 1690*s - 183. Calculate o(8).
-7
Let z(x) = 5*x**3 - 51*x**2 - 109*x + 5. Determine z(-2).
-21
Let h(m) = 7*m**2 + 389*m + 265. Determine h(-46).
-2817
Let t(h) = -12281*h - 540411. Give t(-44).
-47
Let o(h) = -28920*h + 114784. What is o(4)?
-896
Let j(t) = -t**2 - 44154*t + 397483. What is j(9)?
16
Let l(n) = -3*n**2 + 750*n + 5309. Give l(-7).
-88
Let m(i) = i**3 + 4*i**2 - 124*i - 295. What is m(-12)?
41
Let m(d) = -d**2 + 35*d + 42. Give m(23).
318
Let o(s) = -2*s**3 - 31*s**2 - 25*s - 194. What is o(-15)?
-44
Let n(o) = -4187*o + 1666153. What is n(398)?
-273
Let o(u) = -u**3 + 106*u**2 + 147*u - 4338. What is o(107)?
-58
Let x(n) = -3*n**2 - 70*n + 5493. What is x(32)?
181
Let j(p) = 29314*p + 234344. Determine j(-8).
-168
Let k(v) = -2*v**3 + 105*v**2 - 179*v - 36. Give k(2).
10
Let m(v) = -5*v**2 + 307*v - 4371. What is m(36)?
201
Let s(p) = -205667*p + 3290572. What is s(16)?
-100
Let p(c) = 5*c**3 + 411*c**2 + 52*c + 370. What is p(-82)?
2830
Let p(x) = -x**2 - 574*x - 69366. Determine p(-401).
7
Let u(t) = -209*t**2 - 644*t - 28. What is u(-3)?
23
Let x(o) = -o**2 - 55*o - 1238. Calculate x(-40).
-638
Let d(c) = 2*c**3 - 207*c**2 + 97*c + 646. Give d(103).
28
Let d(k) = -304795*k + 1219162. Give d(4).
-18
Let v(n) = 8111*n**2 + 73005*n + 46. What is v(-9)?
-8
Let x(p) = 3*p**3 + 1080*p**2 + 8450*p + 1117. Give x(-352).
413
Let w(s) = s**3 + 116*s**2 + 20*s + 985. Give w(-116).
-1335
Let o(x) = -7*x**2 - 1208*x - 18708. Calculate o(-156).
-612
Let g(a) = -47*a**2 - 51987*a - 5533. Determine g(-1106).
-3
Let y(b) = -b**3 + 19*b**2 - 4386*b + 43985. Determine y(10).
1025
Let j(b) = -457*b**2 - 46955*b + 11940. Determine j(-103).
-8
Let p(t) = -2*t**2 - 14*t + 12688. Give p(-83).
72
Let w(u) = -u**3 + 3660*u**2 + 29337*u - 56. Give w(-8).
0
Let o(f) = -376*f + 1146. Give o(6).
-1110
Let o(d) = d**3 - 1373*d**2 - 11039*d - 18. What is o(-8)?
-90
Let d(m) = -m**3 - 99*m**2 - 1381*m + 1037. Give d(-82).
-29
Let a(o) = -o**3 + 50*o**2 + 312*o - 21084. Calculate a(47).
207
Let a(k) = k**2 + 49*k - 5883. Give a(-109).
657
Let h(y) = -y**2 - 71595*y + 286388. Give h(4).
-8
Let g(t) = t**2 - 52*t + 436. What is g(53)?
489
Let n(d) = -54865*d + 30011162. Determine n(547).
7
Let l(i) = i**3 + 101*i**2 - 554*i - 2534. Calculate l(-106).
10
Let t(q) = -158*q + 10. Calculate t(-1).
168
Let z(s) = -4*s**3 - 254*s**2 - 108*s + 1150. Give z(-63).
16
Let i(w) = -960*w - 262928. What is i(-274)?
112
Let r(i) = 439*i - 32500. Calculate r(74).
-14
Let v(c) = 6*c**3 + 1883*c**2 - 348*c - 10672. Calculate v(-314).
4
Let d(l) = -2*l**2 + 2871*l + 34736. Determine d(-12).
-4
Let l(a) = -2222*a - 15069. Give l(-7).
485
Let c(s) = -20529*s + 492694. Determine c(24).
-2
Let a(m) = -m**2 - 29*m + 950. What is a(-55)?
-480
Let i(s) = -s**2 - 14*s + 6198. Give i(-95).
-1497
Let n(t) = -7*t**2 + 1041*t - 6038. Determine n(6).
-44
Let p(d) = -d**3 + 64*d**2 + 118*d + 668. Calculate p(66).
-256
Let a(t) = -7490*t + 112788. What is a(15)?
438
Let w(p) = 12840*p + 282263. Calculate w(-22).
-217
Let o(d) = 36316*d + 36151. Calculate o(-1).
-165
Let b(t) = t + 127. Determine b(96).
223
Let d(r) = -6*r**3 + 33*r**2 - 424*r + 2077. What is d(5)?
32
Let t(c) = -2*c**3 - 35*c**2 - 203*c - 3276. Calculate t(-17).
-114
Let w(d) = -5*d**3 - 56*d**2 - 13*d - 304. Calculate w(-14).
2622
Let i(y) = -276*y**2 - 658*y + 657. Give i(1).
-277
Let z(r) = -33913*r - 8342623. Calculate z(-246).
-25
Let u(o) = -4*o**2 - 56*o + 1570. Determine u(-37).
-1834
Let o(i) = -5*i**3 + 21*i**2 - 392*i + 2826. What is o(7)?
-604
Let x(i) = i**2 + 278*i - 24878. Calculate x(-349).
-99
Let b(o) = 12*o**2 + 2853*o - 750. Give b(-238).
-36
Let a(y) = 1738*y + 22786. Calculate a(-13).
192
Let x(u) = 112*u + 1214. What is x(-11)?
-18
Let k(w) = -1729*w + 110113. Give k(64).
-543
Let n(d) = -d**3 - 120*d**2 - 438*d - 10204. Determine n(-117).
-25
Let j(v) = -3*v**2 + 222*v + 229417. Determine j(-242).
1
Let c(x) = -x**2 - 1541*x + 18639. What is c(12)?
3
Let t(r) = 666*r - 7641. Calculate t(7).
-2979
Let z(x) = 4*x**3 + 8*x**2 - 40*x - 173. What is z(0)?
-173
Let o(d) = -6*d**3 + 252*d**2 + 23*d - 977. Determine o(42).
-11
Let x(z) = -z**3 + 231*z**2 + 247*z - 1869. What is x(232)?
1611
Let v(y) = -53186*y - 1276474. Give v(-24).
-10
Let o(z) = z**3 + 105*z**2 - 230*z - 23397. Give o(-105).
753
Let f(x) = -1185*x**2 + 90055*x + 391. What is f(76)?
11
Let g(a) = -79081*a + 2214542. What is g(28)?
274
Let m(a) = 75954*a + 75956. Determine m(-1).
2
Let u(v) = 41825*v + 4015188. Calculate u(-96).
-12
Let x(l) = 2*l**3 - 17*l**2 - 118*l - 170. Determine x(-3).
-23
Let c(x) = -28*x**2 + 36477*x + 36479. What is c(-1)?
-26
Let r(q) = -637631*q - 48459954. Calculate r(-76).
2
Let d(n) = 5*n**3 + 3*n**2 - 10*n + 35. Give d(5).
685
Let w(c) = -c**3 - 376*c**2 + 1903*c - 773. Give w(-381).
-11
Let t(x) = -11*x**3 + 1227*x**2 - 1870*x - 52. Determine t(110).
-52
Let s(o) = 40*o**2 + 243*o - 1636. Calculate s(-11).
531
Let c(o) = 16*o**2 - 2027*o + 338. What is c(128)?
3026
Let f(p) = 5*p + 767. Give f(-47).
532
Let n(t) = 5*t**3 + 17*t**2 + 59*t - 5. Determine n(-5).
-500
Let a(q) = -42554*q + 14213051. Determine a(334).
15
Let h(n) = -178*n**2 - 3926*n - 230. Determine h(-22).
-10
Let x(w) = -29*w**2 + 575*w - 34. Calculate x(19).
422
Let o(p) = -366*p - 9734. Calculate o(-22).
-1682
Let o(b) = b**3 - 82*b**2 + 559*b - 59404. Give o(84).
1664
Let l(o) = -46*o**2 - 134*o - 17. What is l(3)?
-833
Let j(x) = 58887*x + 353319. Calculate j(-6).
-3
Let j(o) = -8